 is 1 (base 9) in base 16?
1
1b (base 15) to base 8
32
Convert -5 (base 6) to base 8.
-5
-2 (base 15) to base 16
-2
What is -313 (base 7) in base 14?
-b3
6 (base 13) to base 5
11
What is -10 (base 2) in base 8?
-2
27 (base 13) to base 10
33
Convert -11 (base 14) to base 11.
-14
0 (base 3) to base 2
0
-24 (base 16) to base 6
-100
What is -8 (base 12) in base 13?
-8
1 (base 16) to base 2
1
What is -4 (base 10) in base 15?
-4
What is -107 (base 13) in base 8?
-260
Convert 121 (base 8) to base 10.
81
Convert 17 (base 13) to base 7.
26
What is 12 (base 3) in base 16?
5
What is 5 (base 15) in base 14?
5
Convert -1 (base 15) to base 4.
-1
What is 8 (base 9) in base 3?
22
What is -100 (base 4) in base 11?
-15
-555 (base 6) to base 2
-11010111
Convert -1 (base 14) to base 5.
-1
What is 28 (base 11) in base 12?
26
What is -2 (base 5) in base 4?
-2
What is -36 (base 12) in base 15?
-2c
What is 2 (base 15) in base 12?
2
What is -4 (base 9) in base 3?
-11
What is -1 (base 6) in base 11?
-1
What is c0 (base 14) in base 8?
250
What is -1103 (base 4) in base 8?
-123
What is 12 (base 8) in base 9?
11
Convert 3 (base 10) to base 12.
3
Convert 23 (base 6) to base 5.
30
Convert 3 (base 10) to base 2.
11
Convert -5 (base 7) to base 15.
-5
-1001 (base 2) to base 14
-9
What is -640 (base 7) in base 5?
-2242
What is 2 (base 12) in base 10?
2
Convert -3 (base 16) to base 8.
-3
-1 (base 14) to base 10
-1
Convert 11e (base 15) to base 8.
376
1213 (base 6) to base 16
129
What is -2 (base 13) in base 3?
-2
-86 (base 11) to base 7
-163
Convert -101 (base 2) to base 9.
-5
What is 1001001 (base 2) in base 8?
111
What is -10110 (base 2) in base 9?
-24
11 (base 5) to base 14
6
Convert 11101011 (base 2) to base 14.
12b
Convert -10303 (base 4) to base 13.
-1a8
What is 3 (base 13) in base 11?
3
Convert 1 (base 15) to base 7.
1
Convert -16 (base 13) to base 4.
-103
311 (base 5) to base 2
1010001
0 (base 8) to base 10
0
Convert -3 (base 4) to base 11.
-3
Convert -1c (base 13) to base 5.
-100
Convert -57 (base 10) to base 9.
-63
What is 9 (base 14) in base 4?
21
What is 0 (base 9) in base 5?
0
Convert -18 (base 14) to base 10.
-22
What is -20 (base 11) in base 6?
-34
6 (base 14) to base 5
11
9 (base 15) to base 5
14
-112 (base 3) to base 14
-10
-110202 (base 3) to base 9
-422
What is a (base 13) in base 12?
a
3 (base 8) to base 9
3
What is -1022 (base 4) in base 15?
-4e
What is 11 (base 11) in base 8?
14
What is e (base 16) in base 4?
32
What is -5 (base 8) in base 14?
-5
-7 (base 14) to base 8
-7
What is -20 (base 6) in base 13?
-c
Convert 213 (base 6) to base 8.
121
Convert -3 (base 6) to base 8.
-3
-20 (base 6) to base 10
-12
What is -20 (base 12) in base 11?
-22
-14 (base 11) to base 9
-16
What is -3121 (base 4) in base 15?
-e7
2a (base 12) to base 10
34
What is -2 (base 14) in base 3?
-2
Convert -214 (base 6) to base 8.
-122
What is -37 (base 12) in base 2?
-101011
What is -33 (base 13) in base 15?
-2c
-1f (base 16) to base 15
-21
What is -f (base 16) in base 15?
-10
1 (base 11) to base 16
1
What is 44 (base 5) in base 14?
1a
17 (base 13) to base 7
26
Convert -2 (base 12) to base 6.
-2
Convert 0 (base 6) to base 5.
0
10 (base 3) to base 4
3
What is 2 (base 12) in base 14?
2
What is 228 (base 10) in base 4?
3210
What is 2 (base 4) in base 6?
2
-554 (base 8) to base 5
-2424
a (base 12) to base 15
a
What is -25 (base 15) in base 10?
-35
Convert -23 (base 4) to base 8.
-13
Convert -4 (base 10) to base 7.
-4
-6 (base 12) to base 7
-6
102 (base 3) to base 16
b
What is -5 (base 11) in base 9?
-5
What is -133 (base 5) in base 8?
-53
Convert 6 (base 15) to base 7.
6
What is 4 (base 15) in base 13?
4
What is ab (base 16) in base 2?
10101011
Convert 56 (base 12) to base 15.
46
What is 2 (base 8) in base 11?
2
Convert -106 (base 7) to base 12.
-47
1 (base 12) to base 13
1
What is -6 (base 15) in base 5?
-11
0 (base 2) to base 7
0
What is 11001100 (base 2) in base 15?
d9
Convert -10 (base 4) to base 10.
-4
-2 (base 9) to base 7
-2
Convert 0 (base 13) to base 11.
0
Convert 1 (base 10) to base 7.
1
Convert -42 (base 5) to base 4.
-112
-2 (base 13) to base 7
-2
Convert 1111 (base 2) to base 4.
33
Convert -11 (base 4) to base 2.
-101
36 (base 12) to base 14
30
Convert -8 (base 14) to base 5.
-13
-2 (base 14) to base 10
-2
What is 22 (base 5) in base 9?
13
124 (base 5) to base 15
29
What is -2 (base 7) in base 16?
-2
16 (base 14) to base 8
24
What is 3 (base 15) in base 13?
3
Convert 62 (base 7) to base 9.
48
What is 2 (base 11) in base 5?
2
Convert -15 (base 9) to base 11.
-13
-8 (base 14) to base 8
-10
What is -10 (base 2) in base 9?
-2
Convert 31 (base 7) to base 8.
26
Convert 1210 (base 4) to base 9.
121
29 (base 10) to base 15
1e
Convert -11 (base 3) to base 11.
-4
Convert 125 (base 8) to base 10.
85
What is 14 (base 11) in base 4?
33
-1 (base 16) to base 7
-1
What is 13 (base 4) in base 6?
11
-3 (base 5) to base 14
-3
Convert 10 (base 16) to base 6.
24
Convert -30 (base 5) to base 3.
-120
What is 1 (base 16) in base 15?
1
What is -10 (base 10) in base 14?
-a
What is 8 (base 12) in base 9?
8
Convert 3 (base 13) to base 11.
3
Convert 221 (base 3) to base 8.
31
6 (base 11) to base 4
12
What is -52 (base 7) in base 13?
-2b
What is 26 (base 9) in base 12?
20
Convert 42 (base 16) to base 9.
73
-30 (base 8) to base 4
-120
Convert -30 (base 16) to base 15.
-33
-4 (base 14) to base 11
-4
Convert 102 (base 4) to base 16.
12
50 (base 13) to base 5
230
What is -2 (base 15) in base 12?
-2
What is 0 (base 3) in base 4?
0
Convert 20 (base 7) to base 15.
e
Convert 135 (base 7) to base 10.
75
Convert 0 (base 3) to base 12.
0
5 (base 16) to base 6
5
What is 43 (base 10) in base 13?
34
Convert 14 (base 6) to base 11.
a
1 (base 15) to base 10
1
What is -15 (base 7) in base 6?
-20
What is -1 (base 2) in base 15?
-1
What is 23 (base 16) in base 14?
27
What is -43 (base 5) in base 10?
-23
What is 6 (base 15) in base 12?
6
ed (base 15) to base 10
223
What is 29 (base 12) in base 2?
100001
What is 0 (base 9) in base 6?
0
Convert 48 (base 14) to base 4.
1000
-1010 (base 2) to base 11
-a
5 (base 14) to base 2
101
Convert 1100 (base 2) to base 6.
20
143 (base 5) to base 12
40
Convert -344 (base 5) to base 14.
-71
What is 313 (base 4) in base 10?
55
What is -1150 (base 6) in base 16?
-11a
Convert 50 (base 7) to base 6.
55
Convert 206 (base 8) to base 5.
1014
-11 (base 11) to base 6
-20
Convert 16 (base 15) to base 9.
23
What is 4 (base 11) in base 7?
4
What is -3 (base 11) in base 4?
-3
Convert -1 (base 8) to base 4.
-1
8c (base 13) to base 16
74
Convert -5 (base 6) to base 10.
-5
Convert -1202 (base 3) to base 9.
-52
-10000110 (base 2) to base 15
-8e
51 (base 9) to base 5
141
What is 2e (base 15) in base 5?
134
Convert 1 (base 16) to base 7.
1
What is 31 (base 6) in base 13?
16
-4 (base 11) to base 2
-100
-2 (base 11) to base 2
-10
What is -7 (base 15) in base 5?
-12
Convert 0 (base 6) to base 7.
0
113 (base 4) to base 2
10111
Convert -18 (base 14) to base 12.
-1a
2 (base 10) to base 4
2
What is 3 (base 13) in base 15?
3
What is -42 (base 12) in base 14?
-38
Convert 3 (base 11) to base 3.
10
Convert -1 (base 11) to base 6.
-1
What is 5 (base 13) in base 15?
5
-1 (base 13) to base 5
-1
Convert 0 (base 8) to base 15.
0
What is -7 (base 11) in base 2?
-111
Convert -2 (base 4) to base 3.
-2
Convert -301 (base 4) to base 6.
-121
6 (base 12) to base 14
6
24 (base 16) to base 2
100100
Convert 535 (base 6) to base 9.
245
-84 (base 16) to base 8
-204
What is -10 (base 3) in base 2?
-11
Convert -3 (base 4) to base 3.
-10
Convert -104 (base 5) to base 11.
-27
Convert 1212 (base 3) to base 13.
3b
-16 (base 15) to base 4
-111
What is 2 (base 4) in base 5?
2
What is -36 (base 8) in base 13?
-24
What is 2 (base 9) in base 7?
2
What is 13 (base 10) in base 9?
14
Convert 1212 (base 5) to base 12.
132
What is -42 (base 13) in base 8?
-66
31 (base 5) to base 8
20
2 (base 5) to base 6
2
Convert 84 (base 9) to base 11.
6a
Convert 5 (base 13) to base 11.
5
54 (base 9) to base 14
37
-412 (base 5) to base 7
-212
-a (base 11) to base 14
-a
What is -10 (base 7) in base 12?
-7
What is -20 (base 14) in base 3?
-1001
1 (base 4) to base 11
1
Convert -1 (base 12) to base 8.
-1
What is 123 (base 5) in base 14?
2a
Convert -133 (base 9) to base 